

{"id":3360,"date":"2021-07-02T14:49:02","date_gmt":"2021-07-02T12:49:02","guid":{"rendered":"https:\/\/www.schule-wollerau.ch\/primarschule\/unsere-schule\/offene-stellen\/"},"modified":"2026-01-08T11:54:14","modified_gmt":"2026-01-08T10:54:14","slug":"offene-stellen","status":"publish","type":"page","link":"https:\/\/schule-wollerau.ch\/primarschule\/unsere-schule\/offene-stellen\/","title":{"rendered":"Offene Stellen"},"content":{"rendered":"<div class=\"row\"><div class=\"col col-xs-12 col-sm-12 col-lg-12  col-xs-offset-0 col-sm-offset-0 col-lg-offset-0\"><h1 class=\"\">Offene Stellen Schule Wollerau<\/h1>\r\n\r\n<\/div><p style=\"text-align: left;\"><strong>Primarschule Wollerau<\/strong><\/p><p style=\"text-align: left;\">Haben Sie Lust auf eine Anstellung an einer Schule, wo ein offener und konstruktiver Austausch mit Kolleginnen und Kollegen, Erziehungsberechtigten sowie mit Vorgesetzten zum gelebten Alltag geh\u00f6rt? Ein Arbeitsort, an dem Wertsch\u00e4tzung genauso bedeutungsvoll ist wie eine hohe Arbeitsqualit\u00e4t und Professionalit\u00e4t und die gegenseitige Unterst\u00fctzung selbstverst\u00e4ndlich ist? Ein Wirkungsfeld, in dem Eigeninitiative und ein grosser Gestaltungsspielraum innerhalb hervorragender Rahmenbedingungen m\u00f6glich sind?<\/p><p style=\"text-align: left;\"><strong>Wir sind\u00a0 <\/strong><\/p><p style=\"text-align: left;\">Wollerau ist eine attraktive Gemeinde am Z\u00fcrichsee mit rund 7500 Einwohnerinnen und Einwohnern. Die Primarschule Wollerau mit 50 Mitarbeitenden verf\u00fcgen \u00fcber moderne Strukturen in den Schulanlagen. Es werden rund 400 Kinder und Jugendliche vom Kindergarten bis zur 6. Primarklasse inkl. KKV unterrichtet.<\/p><p style=\"text-align: left;\"><strong>Wir suchen Sie als<\/strong><\/p><div class=\"row\"><p>________________________________________________________________________<\/p><\/div><div class=\"row\"><p style=\"text-align: left;\"><strong>Stellvertretung und Festanstellungen<\/strong><\/p><p style=\"text-align: left;\">Unsere vakanten Stellen als Lehrperson in allen Bereichen finden Sie stets aktuell auf Epalero. <a href=\"https:\/\/www.epalero.ch\/de\/schulnetzwerk\/Schulhaus-Runggelmatt-oeChlL0r3nMqtm2CNkSUnRQyKhn1\">HIER<\/a> gehts zu unserem Profil.<\/p><div class=\"row\" style=\"text-align: left;\"><p>______________________________________________________________________________________________________________________________________<\/p><\/div><\/div><\/div><div class=\"row\"><p style=\"text-align: left;\"><strong>Seniorinnen und Senioren im Klassenzimmer<\/strong><\/p><p style=\"text-align: left;\">Die Schule\u00a0 Wollerau sucht Seniorinnen und Senioren, welche Freude an der Arbeit mit Kindern haben und sich f\u00fcr einen Freiwilligeneinsatz im Kindergarten oder Primarschulklassen interessieren.<\/p><p style=\"text-align: left;\"><strong>Grunds\u00e4tzliches<\/strong><\/p><p style=\"text-align: left;\">Hilfs-, Unterst\u00fctzungs- und Betreuungsaufgaben; keine unterrichtlichen T\u00e4tigkeiten. Kein Lehrdiplom erforderlich. Freiwilligenarbeit.<\/p><p><strong>Eigenschaften<\/strong><\/p><ul><li>Freude an Kindern<\/li><li>Geduld<\/li><li>Humor<\/li><li>Durchsetzungsverm\u00f6gen<\/li><li>Aktiv sein<\/li><li>zuversichtlich und warmherzig<\/li><\/ul><p>&nbsp;<\/p><p><strong>Abmachungen<br \/><\/strong><\/p><p>Es werden verbindliche Terminvereinbarungen zwischen Lehrperson und SeniorIn getroffen. Diskretion und Schweigepflicht werden erwartet. Die Seniorinnen und Senioren werden in ihre Aufgabe und den Schulbetrieb eingef\u00fchrt. Als Dankesch\u00f6n werden Sie jeweils zum Jahresabschlussessen aller Mitarbeitenden der Schule eingeladen.<\/p><p>Wenn wir Ihr Interesse geweckt haben, freuen wir uns auf Ihren Telefonanruf und ein erstes Gespr\u00e4ch. <br \/>Schulleitung, Primarschule Wollerau, Dominik Zimmermann<br \/>Telefon 044 787 03 54, E-Mail: <a href=\"mailto:schulleitung@schule-wollerau.ch\">schulleitung@schule-wollerau.ch<\/a><\/p><div class=\"row\" style=\"text-align: left;\"><p>______________________________________________________________________________________________________________________________________<\/p><\/div><\/div><div class=\"row\" style=\"text-align: left;\">\u00a0<\/div><div class=\"row\"><div class=\"col-12  offset-sm-0 offset-lg-0  d-block d-sm-block d-lg-block col-xs-1 col-xs-offset-0 col-sm-12 col-sm-offset-0 col-lg-10 box\"><div class=\"row\"><div style=\"text-align: left;\"><strong>Keine Stelle f\u00fcr Sie dabei?<\/strong><\/div><div style=\"text-align: left;\">Gerne k\u00f6nnen Sie Blindbewerbungen f\u00fcr Stellen als Klassen- und Fachlehrpersonen, als Klassenassistenz oder Sozialp\u00e4dagogen unserer Schulleitung, Dominik Zimmermann zustellen: <a href=\"mailto:schulleitung@schule-wollerau.ch\">schulleitung@schule-wollerau.ch\u00a0<\/a><\/div><\/div><\/div><\/div>","protected":false},"excerpt":{"rendered":"Primarschule WollerauHaben Sie Lust auf eine Anstellung an einer Schule, wo ein offener und konstruktiver Austausch mit Kolleginnen und Kollegen, Erziehungsberechtigten sowie mit Vorgesetzten zum gelebten Alltag geh\u00f6rt? Ein Arbeitsort, an dem Wertsch\u00e4tzung genauso bedeutungsvoll ist wie eine hohe Arbeitsqualit\u00e4t und Professionalit\u00e4t und die gegenseitige Unterst\u00fctzung selbstverst\u00e4ndlich ist? Ein Wirkungsfeld, in dem Eigeninitiative und ein [&hellip;]","protected":false},"author":11,"featured_media":0,"parent":204,"menu_order":7,"comment_status":"closed","ping_status":"closed","template":"","meta":{"_mi_skip_tracking":false,"_links_to":"","_links_to_target":""},"yst_prominent_words":[106,250,312,175,174,131,152],"_links":{"self":[{"href":"https:\/\/schule-wollerau.ch\/primarschule\/wp-json\/wp\/v2\/pages\/3360"}],"collection":[{"href":"https:\/\/schule-wollerau.ch\/primarschule\/wp-json\/wp\/v2\/pages"}],"about":[{"href":"https:\/\/schule-wollerau.ch\/primarschule\/wp-json\/wp\/v2\/types\/page"}],"author":[{"embeddable":true,"href":"https:\/\/schule-wollerau.ch\/primarschule\/wp-json\/wp\/v2\/users\/11"}],"replies":[{"embeddable":true,"href":"https:\/\/schule-wollerau.ch\/primarschule\/wp-json\/wp\/v2\/comments?post=3360"}],"version-history":[{"count":164,"href":"https:\/\/schule-wollerau.ch\/primarschule\/wp-json\/wp\/v2\/pages\/3360\/revisions"}],"predecessor-version":[{"id":5440,"href":"https:\/\/schule-wollerau.ch\/primarschule\/wp-json\/wp\/v2\/pages\/3360\/revisions\/5440"}],"up":[{"embeddable":true,"href":"https:\/\/schule-wollerau.ch\/primarschule\/wp-json\/wp\/v2\/pages\/204"}],"wp:attachment":[{"href":"https:\/\/schule-wollerau.ch\/primarschule\/wp-json\/wp\/v2\/media?parent=3360"}],"wp:term":[{"taxonomy":"yst_prominent_words","embeddable":true,"href":"https:\/\/schule-wollerau.ch\/primarschule\/wp-json\/wp\/v2\/yst_prominent_words?post=3360"}],"curies":[{"name":"wp","href":"https:\/\/api.w.org\/{rel}","templated":true}]}}

<div class="row"><div class="col col-xs-12 col-sm-12 col-lg-12  col-xs-offset-0 col-sm-offset-0 col-lg-offset-0"><h1 class="">Offene Stellen Schule Wollerau</h1>

</div><p style="text-align: left;"><strong>Primarschule Wollerau</strong></p><p style="text-align: left;">Haben Sie Lust auf eine Anstellung an einer Schule, wo ein offener und konstruktiver Austausch mit Kolleginnen und Kollegen, Erziehungsberechtigten sowie mit Vorgesetzten zum gelebten Alltag gehört? Ein Arbeitsort, an dem Wertschätzung genauso bedeutungsvoll ist wie eine hohe Arbeitsqualität und Professionalität und die gegenseitige Unterstützung selbstverständlich ist? Ein Wirkungsfeld, in dem Eigeninitiative und ein grosser Gestaltungsspielraum innerhalb hervorragender Rahmenbedingungen möglich sind?</p><p style="text-align: left;"><strong>Wir sind  </strong></p><p style="text-align: left;">Wollerau ist eine attraktive Gemeinde am Zürichsee mit rund 7500 Einwohnerinnen und Einwohnern. Die Primarschule Wollerau mit 50 Mitarbeitenden verfügen über moderne Strukturen in den Schulanlagen. Es werden rund 400 Kinder und Jugendliche vom Kindergarten bis zur 6. Primarklasse inkl. KKV unterrichtet.</p><p style="text-align: left;"><strong>Wir suchen Sie als</strong></p><div class="row"><p>________________________________________________________________________</p></div><div class="row"><p style="text-align: left;"><strong>Stellvertretung und Festanstellungen</strong></p><p style="text-align: left;">Unsere vakanten Stellen als Lehrperson in allen Bereichen finden Sie stets aktuell auf Epalero. <a href="https://www.epalero.ch/de/schulnetzwerk/Schulhaus-Runggelmatt-oeChlL0r3nMqtm2CNkSUnRQyKhn1">HIER</a> gehts zu unserem Profil.</p><div class="row" style="text-align: left;"><p>______________________________________________________________________________________________________________________________________</p></div></div></div><div class="row"><p style="text-align: left;"><strong>Seniorinnen und Senioren im Klassenzimmer</strong></p><p style="text-align: left;">Die Schule  Wollerau sucht Seniorinnen und Senioren, welche Freude an der Arbeit mit Kindern haben und sich für einen Freiwilligeneinsatz im Kindergarten oder Primarschulklassen interessieren.</p><p style="text-align: left;"><strong>Grundsätzliches</strong></p><p style="text-align: left;">Hilfs-, Unterstützungs- und Betreuungsaufgaben; keine unterrichtlichen Tätigkeiten. Kein Lehrdiplom erforderlich. Freiwilligenarbeit.</p><p><strong>Eigenschaften</strong></p><ul><li>Freude an Kindern</li><li>Geduld</li><li>Humor</li><li>Durchsetzungsvermögen</li><li>Aktiv sein</li><li>zuversichtlich und warmherzig</li></ul><p>&nbsp;</p><p><strong>Abmachungen<br /></strong></p><p>Es werden verbindliche Terminvereinbarungen zwischen Lehrperson und SeniorIn getroffen. Diskretion und Schweigepflicht werden erwartet. Die Seniorinnen und Senioren werden in ihre Aufgabe und den Schulbetrieb eingeführt. Als Dankeschön werden Sie jeweils zum Jahresabschlussessen aller Mitarbeitenden der Schule eingeladen.</p><p>Wenn wir Ihr Interesse geweckt haben, freuen wir uns auf Ihren Telefonanruf und ein erstes Gespräch. <br />Schulleitung, Primarschule Wollerau, Dominik Zimmermann<br />Telefon 044 787 03 54, E-Mail: <a href="mailto:schulleitung@schule-wollerau.ch">schulleitung@schule-wollerau.ch</a></p><div class="row" style="text-align: left;"><p>______________________________________________________________________________________________________________________________________</p></div></div><div class="row" style="text-align: left;"> </div><div class="row"><div class="col-12  offset-sm-0 offset-lg-0  d-block d-sm-block d-lg-block col-xs-1 col-xs-offset-0 col-sm-12 col-sm-offset-0 col-lg-10 box"><div class="row"><div style="text-align: left;"><strong>Keine Stelle für Sie dabei?</strong></div><div style="text-align: left;">Gerne können Sie Blindbewerbungen für Stellen als Klassen- und Fachlehrpersonen, als Klassenassistenz oder Sozialpädagogen unserer Schulleitung, Dominik Zimmermann zustellen: <a href="mailto:schulleitung@schule-wollerau.ch">schulleitung@schule-wollerau.ch </a></div></div></div></div>

Primarschule WollerauHaben Sie Lust auf eine Anstellung an einer Schule, wo ein offener und konstruktiver Austausch mit Kolleginnen und Kollegen, Erziehungsberechtigten sowie mit Vorgesetzten zum gelebten Alltag gehört? Ein Arbeitsort, an dem Wertschätzung genauso bedeutungsvoll ist wie eine hohe Arbeitsqualität und Professionalität und die gegenseitige Unterstützung selbstverständlich ist? Ein Wirkungsfeld, in dem Eigeninitiative und ein [&hellip;]
